uppose 139 = 3*d - 329. Suppose 4*p = p + d. What are the prime factors of p?
2, 13
Let d(y) = -24*y + 4. Let w be d(-4). Suppose -4*g + 3*s = -91, -g - 4*g + w = -s. List the prime factors of g.
19
Let n(c) = c**2 - 9*c + 3. Let w be n(9). Suppose 0 = 2*x - 1 - 5. Suppose 9 = -3*j, 5*t - 41 = w*t + x*j. List the prime factors of t.
2
Suppose -4*s = -2*f, 2*f + 7 = 4*f + 3*s. List the prime factors of 19/38 + 131/f.
2, 3, 11
Suppose 4*b = -2*t + 74, -2*b + 38 = b - 2*t. Suppose -c - 36 + 35 = 5*j, 0 = 3*c + 3. Let r = b + j. List the prime factors of r.
2
Let u(a) = 23*a - 3. Let w be u(1). Suppose w - 127 = -4*s + m, 67 = 2*s - 5*m. What are the prime factors of s?
2, 13
Suppose 3*x + 5 = -3*f + 2, 0 = 3*f - 3*x - 15. Suppose -2*i = f*l - 406, -117 - 490 = -3*l - 4*i. List the prime factors of l.
5, 41
Let q = -14 - -2. What are the prime factors of q/(-5 - -2) - -20?
2, 3
Let b be (-573)/(-12) - (-1)/4. Suppose -l + 5*l = -b. What are the prime factors of ((-12)/10)/(l/80)?
2
Let c = 2 - 24. Let j = -18 - c. Suppose 172 = -j*n + 8*n. What are the prime factors of n?
43
Suppose -11*t = -16*t + 2110. Suppose -t = -4*n - 3*u, 5*n + 5*u - 227 = 303. List the prime factors of (-1)/((2 - 6)/n).
2, 13
Let d = 16 + 405. List the prime factors of d.
421
Suppose -168 = -3*x + 21. Suppose -4*k - 4*t = -3*t - 249, k + t - x = 0. List the prime factors of k.
2, 31
Let q be (-2 + 2 + 0)/(-2). Let v = q + 3. Suppose -3*x - z + 160 = 0, 2*x - v*z + 268 = 7*x. List the prime factors of x.
53
Suppose -2*v - 43 + 1405 = 0. List the prime factors of v.
3, 227
Let o(s) = s**3 + 6*s**2 - 7*s + 13. Let q be o(-5). Let d = 131 - q. What are the prime factors of d?
2, 29
Suppose -x + 5*q + 2020 = 0, 17*x - 3*q = 18*x - 1988. What are the prime factors of x?
2, 5
Suppose -30*v + 31*v - 688 = 0. What are the prime factors of v?
2, 43
Suppose 2*s + r + 3 = 0, -r + 1 = -s + 2*s. Let f be s/(28/3)*-7. Suppose 36 = f*l - 84. List the prime factors of l.
2, 5
Let p(v) be the second derivative of -3*v**3/2 - v**2/2 + 6*v. Let s be p(-1). Suppose -n = -s - 1. What are the prime factors of n?
3
Suppose -16 = -s + 2*w, -16 = -s - 0*w + w. Let y = 16 - s. What are the prime factors of 33 - 1*(y + 1)?
2
Suppose 7685 + 1027 = 22*n. List the prime factors of n.
2, 3, 11
Suppose 13*x - 5549 = 106. List the prime factors of x.
3, 5, 29
Let v = -84 + 247. Suppose 46 = v*b - 162*b. List the prime factors of b.
2, 23
Let y be 2 + 0 - (-1 + -1). Let k = -3 + 13. Suppose -78 - k = -y*v. What are the prime factors of v?
2, 11
Let x = -236 - -337. List the prime factors of (-3)/(12/8) + x.
3, 11
List the prime factors of (-1 + 239)*(-1 + 12/8).
7, 17
Suppose -2*x = -55*x + 229278. What are the prime factors of x?
2, 3, 7, 103
Suppose -27 - 9 = -2*l. Let u(a) = -a**3 + 18*a**2 + 11*a + 20. List the prime factors of u(l).
2, 109
Let k = -294 - -387. What are the prime factors of k?
3, 31
Suppose -6*l + 2*l = -20. List the prime factors of (-654)/(-3)*5/l.
2, 109
Let z = 31 + -42. Let g = -8 - z. Suppose g*u - 120 = -4*k - u, 85 = 3*k - 2*u. List the prime factors of k.
29
Let h(v) = -7*v**3 + 3*v**2 - 6*v + 2. Let d(s) = -20*s**3 + 8*s**2 - 17*s + 7. Let u(y) = 6*d(y) - 17*h(y). What are the prime factors of u(-5)?
2, 29
Let o(q) = -q**3 - q + 6. Let i be o(0). Let t be (-2)/i - 14/(-6). Suppose t*p - 5*y = 52, y - 5*y + 55 = 3*p. List the prime factors of p.
3, 7
Suppose 5*v - 28 + 78 = 0. Let f = v - -10. Suppose -5*u - 91 + 361 = f. List the prime factors of u.
2, 3
Let g = -15 + 24. Let u(n) = -4 - n**3 + 6*n**2 + 5 + 0*n**2 - g*n + 2*n. What are the prime factors of u(4)?
5
Let k = -25 - -105. Suppose -z - 3*z = -k. List the prime factors of 388/z - 6/15.
19
Suppose -1204 = -b - 3*b. What are the prime factors of b?
7, 43
Suppose 0 = -7*o + 2*o - 10, -2*o = j - 184. What are the prime factors of -4*(4 - 5) + j?
2, 3
Suppose 6 = u + 14. List the prime factors of 20/u*64/(-10).
2
Let r be -3 - (-5 + (-2)/2). Suppose r*f - 2*f - 5*z + 17 = 0, -4*f - 44 = 4*z. List the prime factors of (-699)/(-18) + (-2)/f.
3, 13
Let x(f) = f**3 - 13*f**2 + 14*f - 20. Let i be x(12). Suppose 4*j - i = 0, h + h - j - 123 = 0. List the prime factors of h.
2, 31
Suppose 4*u - i + 2*i - 7 = 0, -i - 1 = 0. Let b be 7 - 4/(12/9). Suppose 3*o - a - u*a - 36 = 0, -b*o + 18 = 2*a. List the prime factors of o.
7
Let u be 1*4/(-2) - (21 - -1). List the prime factors of (113/2)/((-12)/u).
113
Suppose 6*q - 70 = -q. Suppose q*y - 15*y + 25 = 0. Suppose u + 0*u = y*g - 54, 4*g - 3*u = 52. What are the prime factors of g?
2, 5
Let m be ((-1)/((-820)/412 + 2))/(-1). Let b = m - 65. List the prime factors of b.
2, 19
Suppose l + 4*l - 175 = 0. Let s = l - -17. Let c = -24 + s. List the prime factors of c.
2, 7
Let a be 6/8*(-76)/(-19). Suppose 0 = 4*p + a*p - 42. List the prime factors of 40/p*(-153)/(-34).
2, 3, 5
Suppose 6*h + 330 = h. Let b = 226 + h. List the prime factors of b.
2, 5
Let h(j) be the second derivative of 38*j**4/3 - j**3/6 + j**2/2 + 10*j. What are the prime factors of h(1)?
2, 19
Let q(i) = 5*i - 1. Let t be q(1). Suppose 2*l - f - 4*f = 7, 33 = 5*l + 3*f. Suppose -5*n + l = -t. What are the prime factors of n?
2
Suppose -20 = -28*q + 23*q. Suppose -m - q + 9 = 0. Suppose g = -m*g + 174. What are the prime factors of g?
29
Let t(f) = 8*f**2 + 7*f. Let o be t(-5). List the prime factors of (-6 - o/12)/((-1)/4).
79
Let s(m) = 192*m - 600. What are the prime factors of s(33)?
2, 3, 239
Let z = 54 - 88. Let t = -5 - z. List the prime factors of t.
29
Let z be 0 + 12/4 + 1. Let u(c) = 36 - z*c**3 + 3*c + 3*c**3 - 34. What are the prime factors of u(-2)?
2
Suppose 13*m - 5080 = 5*m. Suppose -5*b + m = -0*b. List the prime factors of b.
127
Let y = -152 - -226. Let g = y + 9. What are the prime factors of g?
83
Let b = 4 + 1. Let m(d) = d - 2. Let t be m(b). Suppose -t*q + 21 + 0 = 0. What are the prime factors of q?
7
Suppose 0 = -10*v + 7*v + 216. Suppose 157 = -3*f - 4*s - v, -4*s + 126 = -2*f. Let x = f + 103. List the prime factors of x.
2
Let b(m) = m - 3. Let o be b(4). Suppose 0 = q + 2 + o. What are the prime factors of (2/q)/(2/(-18))?
2, 3
Suppose 0 = -4*a + 2278 + 10. What are the prime factors of a?
2, 11, 13
Let z(x) = -8*x - 8. Let v be (1 + 0)*(-32)/4 + 4. What are the prime factors of z(v)?
2, 3
Suppose 8*k = 4004 + 16588. What are the prime factors of k?
2, 3, 11, 13
Suppose 16 = 7*g + 65. Let z(d) = -9*d - 12. List the prime factors of z(g).
3, 17
Let q(u) = -9*u + 34. Let k be q(-22). Suppose -8*m + 12*m = k. List the prime factors of m.
2, 29
Let y = 1 + 4. Suppose 0 = -5*o - y*w - 5, 0 = -2*o - 5*w + 4. What are the prime factors of -3 - -25*(-3)/o?
2, 11
Let b be 24 + 0/((-8)/2). Suppose 66 + b = 3*w. What are the prime factors of w?
2, 3, 5
Suppose 2*g + 57 = -7*v + 2*v, 0 = -4*g - 3*v - 93. Let p = -21 - g. Suppose 2*k + 2*k - 20 = p. List the prime factors of k.
5
Suppose 33*j - 19227 = 11100. What are the prime factors of j?
919
Suppose j + 2*b - 4072 = 0, j - 28*b + 29*b - 4070 = 0. List the prime factors of j.
2, 3, 113
Let k = -98 + 66. Let b = k + 230. What are the prime factors of b?
2, 3, 11
What are the prime factors of (20 + (-70584)/18)*(-3)/2?
2, 7, 11, 19
List the prime factors of (144/28)/(6/672).
2, 3
Suppose 19*p + 19*p = 45752. List the prime factors of p.
2, 7, 43
Let c(v) = -29 - 2*v**2 + 22 + 8*v + v**2. Let h be c(7). Suppose 4*j + 2*d = -h*d + 84, 5*d = 2*j - 18. What are the prime factors of j?
19
Let p be (-4)/(-8)*-4*7/(-2). Suppose 0 = -p*y + 8*y - 109. List the prime factors of y.
109
Let o(a) be the first derivative of -7*a**2 - 19*a - 9. List the prime factors of o(-7).
79
What are the prime factors of 12 + -5 + 669/1?
2, 13
Let n be (-15)/6*8/(-10) - -292. Let b = n + -37. List the prime factors of b.
257
Suppose 0 = -6*y - 57 + 69. Suppose -u = -3*u. List the prime factors of u/y - (0 - 34).
2, 17
Suppose z - 1 = 4*u - 2*z, 5*u + 3*z = 19. Let j be 15*21*u/10. Suppose -4*n = 4*g - 3*n - j, 5*g + n = 80. What are the prime factors of g?
17
Let i = 548 + 456. List the prime factors of i.
2, 251
List the prime factors of (-38)/(-76) - (17577/6)/(-3).
977
Let z(u) = -u + 20. Let j be z(7). Let x be 0 - (1 - 1*25). Let y = x - j. What are the prime facto